{"id":3158,"date":"2018-11-26T10:21:01","date_gmt":"2018-11-26T09:21:01","guid":{"rendered":"https:\/\/www.erea86.fr\/version2\/?page_id=3158"},"modified":"2021-11-15T20:08:52","modified_gmt":"2021-11-15T19:08:52","slug":"demande-de-fond-social","status":"publish","type":"page","link":"https:\/\/www.erea86.fr\/version2\/le-medico-social\/demande-de-fond-social\/","title":{"rendered":"Demande de fond social"},"content":{"rendered":"\n<p>A l&rsquo;attention des parents des \u00e9l\u00e8ves :<\/p>\n\n\n\n<ul class=\"wp-block-list\"><li>La r\u00e9gion met en place des aides \u00e0 la scolarisation, prenez en connaissance dans cette lettre :<\/li><\/ul>\n\n\n\n<div class=\"wp-block-file aligncenter\"><a id=\"wp-block-file--media-f7c8a8b5-b112-4b8d-9faa-f83b45c556d1\" href=\"https:\/\/www.erea86.fr\/version2\/wp-content\/uploads\/2018\/12\/Aides_rentrees.pdf\" target=\"_blank\" rel=\"noreferrer noopener\">Lettre de la r\u00e9gion<\/a><\/div>\n\n\n\n<ul class=\"wp-block-list\"><li> T\u00e9l\u00e9charger le formulaire de demande d&rsquo;aide :<\/li><\/ul>\n\n\n\n<div class=\"wp-block-file aligncenter\"><a id=\"wp-block-file--media-466a6afb-f32d-4f16-863f-3d5160d7f005\" href=\"https:\/\/www.erea86.fr\/version2\/wp-content\/uploads\/2018\/12\/Demandes_aides.pdf\" target=\"_blank\" rel=\"noreferrer noopener\">Formulaire de demande d&rsquo;aide<\/a><\/div>\n\n\n\n<ul class=\"wp-block-list\"><li> T\u00e9l\u00e9charger la demande de fonds social :<\/li><\/ul>\n\n\n\n<div class=\"wp-block-file aligncenter\"><a id=\"wp-block-file--media-4c2cd6db-1d4c-4a40-ad9d-a244bb0ab045\" href=\"https:\/\/www.erea86.fr\/version2\/wp-content\/uploads\/2018\/12\/Demande_fond_social_EREA.pdf\" target=\"_blank\" rel=\"noreferrer noopener\">Demande de fond social<\/a><\/div>\n\n\n\n<p>Vous pouvez enfin contacter directement l\u2019assistante sociale de l&rsquo;EREA en utilisant le <a href=\"https:\/\/www.erea86.fr\/version2\/#colophon\">formulaire de contact<\/a> et en la choisissant comme destinataire.<\/p>\n\n\n","protected":false},"excerpt":{"rendered":"<p>A l&rsquo;attention des parents des \u00e9l\u00e8ves : La r\u00e9gion met en place des aides \u00e0 la scolarisation, prenez en connaissance dans cette lettre : T\u00e9l\u00e9charger&hellip;&nbsp;<a href=\"https:\/\/www.erea86.fr\/version2\/le-medico-social\/demande-de-fond-social\/\" class=\"more-link\">Lire la suite<\/a><\/p>\n","protected":false},"author":1,"featured_media":0,"parent":3155,"menu_order":0,"comment_status":"closed","ping_status":"closed","template":"","meta":{"_bbp_topic_count":0,"_bbp_reply_count":0,"_bbp_total_topic_count":0,"_bbp_total_reply_count":0,"_bbp_voice_count":0,"_bbp_anonymous_reply_count":0,"_bbp_topic_count_hidden":0,"_bbp_reply_count_hidden":0,"_bbp_forum_subforum_count":0,"footnotes":""},"class_list":["post-3158","page","type-page","status-publish","hentry"],"_links":{"self":[{"href":"https:\/\/www.erea86.fr\/version2\/wp-json\/wp\/v2\/pages\/3158","targetHints":{"allow":["GET"]}}],"collection":[{"href":"https:\/\/www.erea86.fr\/version2\/wp-json\/wp\/v2\/pages"}],"about":[{"href":"https:\/\/www.erea86.fr\/version2\/wp-json\/wp\/v2\/types\/page"}],"author":[{"embeddable":true,"href":"https:\/\/www.erea86.fr\/version2\/wp-json\/wp\/v2\/users\/1"}],"replies":[{"embeddable":true,"href":"https:\/\/www.erea86.fr\/version2\/wp-json\/wp\/v2\/comments?post=3158"}],"version-history":[{"count":2,"href":"https:\/\/www.erea86.fr\/version2\/wp-json\/wp\/v2\/pages\/3158\/revisions"}],"predecessor-version":[{"id":15118,"href":"https:\/\/www.erea86.fr\/version2\/wp-json\/wp\/v2\/pages\/3158\/revisions\/15118"}],"up":[{"embeddable":true,"href":"https:\/\/www.erea86.fr\/version2\/wp-json\/wp\/v2\/pages\/3155"}],"wp:attachment":[{"href":"https:\/\/www.erea86.fr\/version2\/wp-json\/wp\/v2\/media?parent=3158"}],"curies":[{"name":"wp","href":"https:\/\/api.w.org\/{rel}","templated":true}]}}

<p>A l&rsquo;attention des parents des élèves :</p>



<ul class="wp-block-list"><li>La région met en place des aides à la scolarisation, prenez en connaissance dans cette lettre :</li></ul>



<div class="wp-block-file aligncenter"><a id="wp-block-file--media-f7c8a8b5-b112-4b8d-9faa-f83b45c556d1" href="https://www.erea86.fr/version2/wp-content/uploads/2018/12/Aides_rentrees.pdf" target="_blank" rel="noreferrer noopener">Lettre de la région</a></div>



<ul class="wp-block-list"><li> Télécharger le formulaire de demande d&rsquo;aide :</li></ul>



<div class="wp-block-file aligncenter"><a id="wp-block-file--media-466a6afb-f32d-4f16-863f-3d5160d7f005" href="https://www.erea86.fr/version2/wp-content/uploads/2018/12/Demandes_aides.pdf" target="_blank" rel="noreferrer noopener">Formulaire de demande d&rsquo;aide</a></div>



<ul class="wp-block-list"><li> Télécharger la demande de fonds social :</li></ul>



<div class="wp-block-file aligncenter"><a id="wp-block-file--media-4c2cd6db-1d4c-4a40-ad9d-a244bb0ab045" href="https://www.erea86.fr/version2/wp-content/uploads/2018/12/Demande_fond_social_EREA.pdf" target="_blank" rel="noreferrer noopener">Demande de fond social</a></div>



<p>Vous pouvez enfin contacter directement l’assistante sociale de l&rsquo;EREA en utilisant le <a href="https://www.erea86.fr/version2/#colophon">formulaire de contact</a> et en la choisissant comme destinataire.</p>

<p>A l&rsquo;attention des parents des élèves : La région met en place des aides à la scolarisation, prenez en connaissance dans cette lettre : Télécharger&hellip;&nbsp;<a href="https://www.erea86.fr/version2/le-medico-social/demande-de-fond-social/" class="more-link">Lire la suite</a></p>
