{"id":102,"date":"2018-10-23T11:23:04","date_gmt":"2018-10-23T09:23:04","guid":{"rendered":"https:\/\/www.erea86.fr\/version2\/?page_id=102"},"modified":"2020-10-03T09:42:21","modified_gmt":"2020-10-03T07:42:21","slug":"plan-dacces","status":"publish","type":"page","link":"https:\/\/www.erea86.fr\/version2\/plan-dacces\/","title":{"rendered":"Plan d&rsquo;acc\u00e8s"},"content":{"rendered":"<h1><span style=\"font-size: x-large;\">VENIR A L&rsquo;EREA :<\/span><\/h1>\n<p>L&rsquo;EREA est situ\u00e9 \u00e0 l&rsquo;est de POITIERS, apr\u00e8s le domaine universitaire, face au centre \u00e9questre municipal.<br \/>\nEREA Anne FRANK &#8211; 14 route de Chauvigny &#8211; 86 550 MIGNALOUX-BEAUVOIR<\/p>\n<p>Tel : 05 49 00 27 27<\/p>\n<hr \/>\n<h1><span style=\"font-size: x-large;\">BUS :<\/span><\/h1>\n<p>Prendre la ligne n\u00b015 et aller jusqu&rsquo;au centre \u00e9questre (terminus).<\/p>\n<p>La plupart des bus de la ligne 15 s&rsquo;arr\u00eatent au parcobus Champlain (sur le plan plus bas, au niveau du dernier rond point avant le centre \u00e9questre).<br \/>\nTerminer \u00e0 pied (10min) ou choisir un bus \u00ab\u00a0prolong\u00e9 centre \u00e9questre\u00a0\u00bb.<br \/>\n<a href=\"http:\/\/www.vitalis-poitiers.fr\/schedules\/\">Horaires Vitalis<\/a> : c&rsquo;est le site de la soci\u00e9t\u00e9 des bus de ville.<\/p>\n<hr \/>\n<h1><span style=\"font-size: x-large;\">V\u00c9HICULE PERSONNEL :<\/span><\/h1>\n<p>ATTENTION : Beaucoup de personnes se perdent en venant nous voir.<br \/>\nUne recherche dans Google Maps sur Poitiers avec <em><strong>EREA86<\/strong><\/em> donne le bon emplacement (voir plus bas).<\/p>\n<p>GPS : si l&rsquo;adresse n&rsquo;existe pas dans votre GPS (c&rsquo;est fr\u00e9quent) le plus simple est de rentrer la destination avec les coordonn\u00e9es : <span style=\"font-size: small;\">46\u00b033&rsquo;54.60&Prime;N \/ 0\u00b0.23&rsquo;38.40&Prime;E<\/span> &#8211; Autre notation :<span style=\"font-size: small;\"> N 46.56515\u00b0 \/ E 0.39405\u00b0.<\/span><\/p>\n<div>\n<ul>\n<li><a href=\"http:\/\/g.co\/maps\/36pnv\" target=\"_blank\" rel=\"noopener noreferrer\">Acc\u00e8s direct \u00e0 la carte dans Google Maps<\/a> (calcul d&rsquo;itin\u00e9raires, etc&#8230;)<\/li>\n<\/ul>\n<p>&nbsp;<\/p>\n<\/div>\n<hr \/>\n<p><iframe loading=\"lazy\" style=\"border: 0;\" tabindex=\"0\" src=\"https:\/\/www.google.com\/maps\/embed?pb=!1m14!1m8!1m3!1d10972.349992711557!2d0.394478!3d46.565735!3m2!1i1024!2i768!4f13.1!3m3!1m2!1s0x47fdbecd0d9335bd%3A0x464c4b6068bd883f!2sEREA%20Anne%20Frank!5e0!3m2!1sfr!2sfr!4v1601710829075!5m2!1sfr!2sfr\" width=\"800\" height=\"650\" frameborder=\"0\" allowfullscreen=\"allowfullscreen\" aria-hidden=\"false\"><\/iframe><\/p>\n","protected":false},"excerpt":{"rendered":"<p>VENIR A L&rsquo;EREA : L&rsquo;EREA est situ\u00e9 \u00e0 l&rsquo;est de POITIERS, apr\u00e8s le domaine universitaire, face au centre \u00e9questre municipal. EREA Anne FRANK &#8211; 14&hellip;&nbsp;<a href=\"https:\/\/www.erea86.fr\/version2\/plan-dacces\/\" class=\"more-link\">Lire la suite<\/a><\/p>\n","protected":false},"author":1,"featured_media":0,"parent":0,"menu_order":0,"comment_status":"closed","ping_status":"closed","template":"","meta":{"_bbp_topic_count":0,"_bbp_reply_count":0,"_bbp_total_topic_count":0,"_bbp_total_reply_count":0,"_bbp_voice_count":0,"_bbp_anonymous_reply_count":0,"_bbp_topic_count_hidden":0,"_bbp_reply_count_hidden":0,"_bbp_forum_subforum_count":0,"footnotes":""},"class_list":["post-102","page","type-page","status-publish","hentry"],"_links":{"self":[{"href":"https:\/\/www.erea86.fr\/version2\/wp-json\/wp\/v2\/pages\/102","targetHints":{"allow":["GET"]}}],"collection":[{"href":"https:\/\/www.erea86.fr\/version2\/wp-json\/wp\/v2\/pages"}],"about":[{"href":"https:\/\/www.erea86.fr\/version2\/wp-json\/wp\/v2\/types\/page"}],"author":[{"embeddable":true,"href":"https:\/\/www.erea86.fr\/version2\/wp-json\/wp\/v2\/users\/1"}],"replies":[{"embeddable":true,"href":"https:\/\/www.erea86.fr\/version2\/wp-json\/wp\/v2\/comments?post=102"}],"version-history":[{"count":0,"href":"https:\/\/www.erea86.fr\/version2\/wp-json\/wp\/v2\/pages\/102\/revisions"}],"wp:attachment":[{"href":"https:\/\/www.erea86.fr\/version2\/wp-json\/wp\/v2\/media?parent=102"}],"curies":[{"name":"wp","href":"https:\/\/api.w.org\/{rel}","templated":true}]}}